List the prime factors of m.
3, 71
Let l(c) = 3*c**3 - 2*c**2 + 3*c - 8. Let z be (-3 - (9/(-2) + 3))*-2. What are the prime factors of l(z)?
2
Let p be (-1)/(4 + -3) - -3. Let t be 101 - ((-46)/(-14) + 2/(-7)). Suppose -5*c - p*c = -t. What are the prime factors of c?
2, 7
Let p(j) = -100*j + 85. Let g be p(-5). Suppose -g = 4*n - 13*n. List the prime factors of n.
5, 13
Let s = 16351 - 9403. What are the prime factors of s?
2, 3, 193
Suppose -3*f = -5*a + 1518 - 20770, 0 = 5*a + 10. List the prime factors of f.
2, 3, 1069
Suppose -4*q = 3*q - 70. Suppose 15*d + 4 = 4*z + q*d, 12 = 3*d. Let o(g) = 22*g - 23. List the prime factors of o(z).
109
Let q = 32578 - 19557. What are the prime factors of q?
29, 449
Suppose 9476 = -544*a + 4783755 + 134233. What are the prime factors of a?
7, 1289
Let w be (4/3)/(48/324). Let k(i) = 30*i - 210. List the prime factors of k(w).
2, 3, 5
Suppose 60889 = 96*a - 34151. List the prime factors of a.
2, 3, 5, 11
List the prime factors of 307*(-1 + 72)*20/(-130)*-13.
2, 71, 307
Let u(a) = 49*a + 49. Let v(t) = -94*t - 97. Let h(r) = 5*u(r) + 2*v(r). What are the prime factors of h(6)?
3, 131
Suppose 2*h + 5*s - 6059 = 0, -2*h + 1322 = -s - 4755. List the prime factors of h.
3037
Suppose -8*l - l = -6615. List the prime factors of 5 + -4 + l + -7.
3
Suppose 0 = 3*r + 2*p - 2, r + 2*p = 4*r - 10. Suppose -2*a = -s - 0*s + 93, r*a = -6. List the prime factors of s.
3, 29
Suppose 42 = l + 5*b, -5*b + 82 + 28 = 5*l. Suppose l*r = 6299 + 3850. What are the prime factors of r?
3, 199
Suppose -4*y = 3*y - 434. Suppose -y*r - 32 = -58*r. List the prime factors of 51 + r/20 + (-34)/(-10).
2, 3
Suppose d - 12 = -2*d. Suppose m + 2*q - 5*q = 250, -3*q = d*m - 985. What are the prime factors of m?
13, 19
Let a be 2010/21 - (-4)/14. Let w be (13 - 230/12)/((-1)/(-6)). Let z = w + a. What are the prime factors of z?
59
Let n(b) = 2*b**2 - 7*b + 6. Let f be n(4). Suppose -f*v = -15*v + 115. Let p = -4 + v. What are the prime factors of p?
19
Suppose -2*w + 2*f + 15407 - 509 = 0, 22351 = 3*w - 4*f. List the prime factors of w.
5, 1489
Let o(f) = -f - 24. Suppose z - 41 = -81. List the prime factors of o(z).
2
Let f be (4/10)/(10/100). Suppose -f*l = 277 + 7. Let x = -7 - l. List the prime factors of x.
2
Let c = 6290 + -2479. Suppose -8*q = -c + 91. List the prime factors of q.
3, 5, 31
Let v = 124 - 124. Suppose 0 = 3*z - v*z - 1575. Suppose 2*l - z = -5*l. What are the prime factors of l?
3, 5
Let q = -84 + 196. What are the prime factors of q*((-195)/(-20))/3?
2, 7, 13
Let b be (-2 + 4)*63/(-6). Let g = -21 - b. Suppose 433 = 4*p + 2*y - 7*y, g = -2*p + y + 221. What are the prime factors of p?
2, 7
Suppose 0 = -v + 4*h - 1 - 4, 0 = 2*v + h - 8. Suppose k - 4*k + 3 = v*q, 2 = -2*k + 2*q. Suppose 2*c - 4*c + 124 = k. What are the prime factors of c?
2, 31
Let k = -366 - -430. List the prime factors of (2 - (-14)/(-8)) + 45936/k.
2, 359
Suppose s = -3*d + 3, s + 5 = -d + 6*d. Suppose s = -4*g + 16. Suppose -384 - 172 = -g*l + 2*b, -4*b - 701 = -5*l. What are the prime factors of l?
137
Let g(x) = -3*x**2 + 229*x + 411. What are the prime factors of g(73)?
7, 163
Let t(h) = -3*h**2 + 11*h + 18. Let d be t(8). Let s = d + 152. What are the prime factors of s?
2, 3, 11
Let r = -9 + 13. Suppose -35*f - 5758 + 21508 = 0. Suppose -r*s = -s - f. List the prime factors of s.
2, 3, 5
Let q be (-7)/(-7 - 7)*-60*5. List the prime factors of q*(-3 - (-36)/8)/(-3).
3, 5
List the prime factors of (11 + (-17)/(-3))*339.
2, 5, 113
Suppose 28 = 7*t, -3*u = -156*t + 159*t - 97461. List the prime factors of u.
11, 2953
Suppose 4*m = -4*a + 344, -4*m + 2*a = 3*a - 359. Let f = -52 + m. Suppose 4*o = -f + 543. What are the prime factors of o?
2, 3, 7
Let q = -35 + 35. Suppose 0 = u - q*u. Suppose 0 = -4*a - y + 303, u = 5*a - y - 168 - 204. What are the prime factors of a?
3, 5
Let v be 4/10 + 12/(-30). Suppose x = -2*z + 1, -47*z + x + 14 = -44*z. Suppose -z*l + 549 = -v*l. What are the prime factors of l?
3, 61
Let x be 64/11 + (-2)/(-11). Suppose -x*u - u = -3486. List the prime factors of u.
2, 3, 83
Let l(d) = -17*d + 4. Let p(w) = -w. Let o be (-6)/((-2)/(-2 + -2 + 2)). Let s(v) = o*p(v) + l(v). List the prime factors of s(-7).
3
Let y(o) = -315*o**3 + 4*o**2 + 17*o + 52. Let d be y(-3). Suppose -2*s + d = 5*r, -2*r + 1705 = -r - 3*s. List the prime factors of r.
2, 7, 61
Suppose 69*l - 61054 - 1803878 = 0. List the prime factors of l.
2, 29, 233
Let b(t) = 2 - 3 + 0 - 18*t + 2*t**2. Let l be b(9). What are the prime factors of 22/(-4)*(1 - 3) - l?
2, 3
Let o(j) = -4*j**3 + 7*j - 3*j**2 - 1 + 2*j**3 + j**3. Suppose -32*v + 5*a = -34*v - 30, 4*a = v - 11. What are the prime factors of o(v)?
2, 7
Suppose -212*v - 163*v + 15417375 = 0. List the prime factors of v.
41113
Suppose -15*q = -20*q - 4*l + 61931, -3*q = -5*l - 37203. What are the prime factors of q?
12391
What are the prime factors of ((-44844)/740)/((-6)/2350)?
5, 47, 101
Let a = -15164 - -25283. What are the prime factors of a?
3, 3373
Let b be 2/6*(20 - 2) - 3. Suppose 2*o = -2*s - s + 1, -s + 4 = -b*o. What are the prime factors of ((-6)/9)/(-2*s/741)?
13, 19
Let n(k) = -2*k + 227 - k - 72 + 4*k - k**2. Let c be n(0). Let s = c + -101. List the prime factors of s.
2, 3
Let j(g) = 2246*g + 5080. What are the prime factors of j(23)?
2, 11, 2579
Suppose -2*a - 3*y = -5*y - 41570, 5*a - 103918 = -2*y. What are the prime factors of a?
2, 3, 433
Suppose 0 = 25*c - 2*c + 2944. Let g = -59 - c. What are the prime factors of g?
3, 23
Suppose -42*w + 41*w - 4*f = -13151, 2*w - 26289 = 5*f. What are the prime factors of w?
13147
Let c = -709 + 708. List the prime factors of 617 + (2 + c)*8.
5
Let i(s) = -2*s**2 + 14*s + 18. Let r be i(8). Suppose -740 = -r*n - p, 4*n + 6*p - p - 1486 = 0. List the prime factors of n.
3, 41
Let f = -717 + 843. Let m = f + 273. List the prime factors of m.
3, 7, 19
Suppose 24 = 8*x - 8. Let v(a) = -a - 23 + 38 + a**2 - x*a. List the prime factors of v(-6).
3
Let l = 5300 + -5174. List the prime factors of l.
2, 3, 7
Suppose 0 = -g + 5*n + 2388, -181*g - 3*n - 9535 = -185*g. List the prime factors of g.
2383
Suppose 2*r - 36 = 2*j, 2*r - 4*j = -29 + 73. Let b(g) = 3*g**3 - 4*g**2 - g + 2. Let f be b(4). List the prime factors of (r/3)/(3/f).
2, 7
Let j = 15 + 97. Suppose o = 92 + j. What are the prime factors of o?
2, 3, 17
Suppose -3*m = 4*g - 97046, 9206 = -3*m - 2*g + 106260. List the prime factors of m.
2, 7, 2311
List the prime factors of 6 + (1 + 4)/((-20)/(-49640)).
2, 97
Let j(w) = -10 - 5*w**2 - 11*w + 0*w**2 + 4*w**2. Let t be (-7)/(-1 + 4/2). List the prime factors of j(t).
2, 3
Suppose -135407 = -4*s + 5*a, -5*s - 5*a = -4*s - 33908. What are the prime factors of s?
33863
Suppose 0 = 122*x - 36074 - 232936. List the prime factors of x.
3, 5, 7
Suppose -382*y = -380*y - 4*m - 74516, -2*y = -3*m - 74522. List the prime factors of y.
2, 5, 3727
List the prime factors of (-7)/(210/348)*-580.
2, 29
Suppose 3*l - 592423 = -7*q, 423145 = 5*q + 2*l + 3*l. What are the prime factors of q?
2, 11, 3847
Let q be 26/130 - 22/10. What are the prime factors of ((-16)/(-6) + -3)*-42 - q?
2
Suppose -19 + 159 = 7*t. Suppose -3*v - v + t = 0. Suppose 63 = -v*q + 543. List the prime factors of q.
2, 3
Let x(k) = -k**3 + 13*k**2 + k - 19. Suppose 5*i = 10, 0 = b - i - 0 - 11. Let c be x(b). What are the prime factors of ((-14)/c - 1)*60?
2, 5
Let a(p) = p**3 + 19*p**2 - 8*p - 139. Let g be a(-19). Let w(u) = 21*u - 18 - u**2 + 7 + 10*u. What are the prime factors of w(g)?
223
Let q(r) = -2*r**3 + 73*r**2 - 34*r + 108. What are the prime factors of q(34)?
2, 7, 13
Let f = 43 + -76. Let u = -24 - f. List the prime factors of 586/6 + 12/u.
3, 11
Let g(u) = 70*u**2 - 9*u - 19. Let d be g(-4). Suppose 8*x + d - 4017 = 0. What are the prime factors of x?
2, 3, 5
Suppose 3*h = 2*h. Suppose 43*k + 24*k - 22914 = 0. Suppose -3*j - k = -3*g, 0 = 2*j - h*j. List the prime factors of g.
2, 3, 19
Suppose 6*c = 64*c + 10*c - 771120. What are the prime factors of c?
2, 3, 5, 7
Suppose -5*w + 6 = -7*w. Let v(u) = -u**2 - 5*u - 2. Let j be v(w). Suppose -3*k = -j*l + 2*k + 84, -l - k + 12 = 0. What are the prime factors of l?
2
Let i be (-4)/(-3) - 3362/(-3). Let v = i + -439. What 